ctors of w.
3, 5, 7
Let k be (-2*5/15)/(8/(-3924)). Suppose -8*d = 103 - k. List the prime factors of d.
2, 7
Let n(r) = 17470*r**2 - 13*r + 10. List the prime factors of n(1).
17467
Let l = 33 - 31. Suppose -6*m = -l*m + 8. What are the prime factors of -28*((-83)/28 + m/7)?
7, 13
Suppose 7 = 3*g + n - 24, g - 2*n - 1 = 0. Let i be (6/g)/((-1)/(-51)). Suppose 3*m - 8 = i. What are the prime factors of m?
2, 7
Let p be 1095 + (3 - -1) - 2. Let s = p + 540. What are the prime factors of s?
1637
Let b(m) = 1139*m**3 - 2*m**2 + 2*m + 1. Let x(p) = 2279*p**3 - 3*p**2 + 4*p + 2. Let a(c) = 5*b(c) - 3*x(c). List the prime factors of a(-1).
2, 571
Let t be 2 - (-7)/(140/8)*-5. Suppose t = -h + 5*h - 2524. What are the prime factors of h?
631
Suppose -429*r + 448*r = 2338 + 10259. What are the prime factors of r?
3, 13, 17
Let y = 2 - -1. Let a = 477 + -17. Suppose -2*u + a = y*u. List the prime factors of u.
2, 23
Let z(f) = -1077*f + 55. Let r be z(-1). List the prime factors of r - 0 - (-15 - -18).
1129
Suppose 0 = -4*x - 262 - 170. Let j(i) = 282*i - 10. Let v be j(1). Let a = x + v. List the prime factors of a.
2, 41
Let b be -15241 - (-3)/(4 - 1)*1. What are the prime factors of b/(-33) + ((-210)/55 - -4)?
2, 3, 7, 11
Let v = -19313 + 37945. What are the prime factors of v?
2, 17, 137
Let w(a) = a**2 - 147. Let m be w(0). Let h = 164 + m. List the prime factors of h.
17
Let u be (-3)/((0 - 6)*(-136)/2992). Let s(g) = 29*g. Let f be s(2). Let y = f + u. What are the prime factors of y?
47
What are the prime factors of -2 + (-3)/(72/(-319299)) - (-3)/(-24)?
2, 3, 739
Let o(t) = 5365*t**3 - 3*t**2 - 5*t + 6. What are the prime factors of o(1)?
31, 173
Let f(q) = 5*q**2 - 10*q + 123. List the prime factors of f(66).
3, 73, 97
Suppose 77 = -5*p + 67. Let x(t) = -28*t**3 - 3*t**2 - 5*t - 2. What are the prime factors of x(p)?
2, 5, 11
Suppose 4*v = 2*a - 7 + 1, -v = 0. Let j(p) = -a*p**2 + 2*p**2 + p**2 + 5*p**2. List the prime factors of j(2).
2, 5
Let f(b) be the second derivative of b**4/12 + 23*b**3/6 + 40*b**2 - 14*b. What are the prime factors of f(-24)?
2, 13
Let c(w) = -w**3 + w**2 + 379. Suppose -z = -7*z - 12*z. What are the prime factors of c(z)?
379
Suppose -2*v = 5*v - 14. Suppose -v*y = -0*k - 2*k + 6, k = -y + 5. Suppose 0 = 2*o - 0 - k, p + 5*o = 120. List the prime factors of p.
2, 5, 11
Let v(l) = -l**2 - l + 10. Suppose -7*d + 5 + 58 = 0. Let b be v(d). What are the prime factors of (30/(-8))/(30/b)?
2, 5
Let s = -37875 - -65210. What are the prime factors of s?
5, 7, 11, 71
Let c be -2*5/(20/8). Let o be (-8)/c*(3 - 2). Suppose 0*b - n = o*b - 249, 0 = -5*b - 5*n + 625. What are the prime factors of b?
2, 31
Let b(j) = 747*j**2 - 43*j + 243. What are the prime factors of b(5)?
59, 317
Let r = 726 - 786. List the prime factors of 12884/8 - (r/8)/3.
1613
Suppose -45*y - 246302 = -198*y + 919405. List the prime factors of y.
19, 401
Let y(o) = o**3 + 12*o**2 + 5*o - 51. Let a(b) = -b**3 - 13*b**2 + 2*b + 16. Let v be a(-13). List the prime factors of y(v).
3, 11
Let r(n) = -n**3 - 16*n**2 + 39*n + 47. Let h = 510 + -529. What are the prime factors of r(h)?
389
Let o = -34360 - -48276. Suppose 23*w - o = 2391. List the prime factors of w.
709
Suppose 6*o - 182 = -134. Suppose 0 = o*d - 1737 - 1599. List the prime factors of d.
3, 139
Let b = -11014 + 14642. What are the prime factors of b?
2, 907
Let g(b) = 1007*b + 17. Let v be g(-1). Let l = 1597 + v. List the prime factors of l.
607
Let x(k) = k**3 + 7*k**2 - 2*k - 7. Let w be x(-8). Suppose 12*g - 220 = 632. Let o = w + g. List the prime factors of o.
2
Let x = 2559 + -1744. Suppose -5*v - 5*b = -2025, 8*v - 6*v + 3*b = x. Suppose 0 = -5*o + 5*n + v, -o = 7*n - 2*n - 68. List the prime factors of o.
2, 3, 13
What are the prime factors of (-4 - 158596/(-40)) + (-6)/(-120)*2?
17, 233
Suppose -5 = -5*g - 9*x + 14*x, 4*g = -x - 1. Suppose g = 6*a - 2771 - 2641. List the prime factors of a.
2, 11, 41
Suppose 4*n = -3*h + 5*n + 91, -5*h = 3*n - 133. Suppose 0 = -8*p - 153 + 409. Let x = p - h. List the prime factors of x.
3
Suppose -20*f + 22*f = 0. Suppose f = 4*w - 15*w + 1936. What are the prime factors of w?
2, 11
Suppose -3*c - 314 = 2*m - 1972, -m = 4*c - 2219. Suppose 3*l - l - 3*g - c = 0, -5*l = -3*g - 1390. Let o = l - 73. List the prime factors of o.
5, 41
Let d(h) = -4*h - 22. Let z be d(-7). Suppose z = -a + 5*t, -4*t = a - 2*t - 1. What are the prime factors of 58/(a/(0 + -3))?
2, 3, 29
Let l = -546 - -554. Suppose -2*z - l = 0, -8*u = -7*u - z - 984. What are the prime factors of u?
2, 5, 7
Suppose j - 4 = o, 4*o = -2*j - 0*o + 20. Suppose 3*d - 3*f = -d - 1, 0 = -3*d - 3*f - j. What are the prime factors of 18 + (-4 - d - -5)?
2, 5
Let g = 319 - 349. What are the prime factors of 311*4 + (-9 - g/5)?
17, 73
Let r(u) = -22*u**2 - 37*u - 18. Let v be r(7). Let g = 2702 + v. List the prime factors of g.
3, 449
Suppose 54 + 26 = 8*y. Let c(o) = -o**3 + 10*o**2 + o - 24. Let w be c(y). List the prime factors of (w/6 + 0)*1*-3.
7
List the prime factors of (-1 - 95895/18)/((-7)/14).
10657
Let d = 773 + -509. Suppose 0 = -3*f - 3*r - 378, 2*f - 5*r + r + d = 0. Let p = f - -218. What are the prime factors of p?
2, 3, 5
Suppose -5*t - 4 = -t, 0 = x - 4*t - 50. Let z = x + -135. What are the prime factors of z/(-13) + 8/52?
7
Let l = -54 + -71. Let r be 1/(-7) - ((-232976)/(-672) + 7/42). Let c = l - r. List the prime factors of c.
2, 3, 37
Let d(z) = 18*z**2 - 161*z + 6630. What are the prime factors of d(38)?
2, 3313
Let z = 65 + -68. Let l(v) = 22*v - 11. Let s be l(z). What are the prime factors of -2*(-4)/8 - (1 + s)?
7, 11
Let x = 63256 + -44430. What are the prime factors of x?
2, 9413
Let t(y) = -5*y - 9. Let q be t(-7). Let s be q/(-6)*(-204)/(-17). List the prime factors of ((-3)/1 - -9)/((-3)/s).
2, 13
Let a(w) = w + 10. Let x be a(-5). Let t(j) be the third derivative of 3*j**4/8 + j**3/6 - 2*j**2. What are the prime factors of t(x)?
2, 23
Suppose 0 = h - 25 + 27. Let g be 14/(-21)*(-3)/h. What are the prime factors of 21 + -16 + g/1?
2
List the prime factors of 2*40/16*(-21304)/(-10).
2, 2663
Let r be 6/36 - 92/(-24). Let v be (-1 - 98)/1 - r. Let n = v - -216. List the prime factors of n.
113
Let j be (7910/6 + 1)/(86/129). Suppose -5*x = 4*z - j, 4*z - 2029 = -3*x + 8*x. What are the prime factors of z?
3, 167
Let o(h) = h**3 - 11*h**2 - 6*h - 2. Let y be o(12). Suppose 5*t - 128 = -4*d - 27, 0 = 3*d - 2*t - y. Suppose -d - 60 = -2*n. What are the prime factors of n?
2, 3, 7
Let a(l) = 587*l - 3266. List the prime factors of a(77).
19, 2207
Suppose -o + 4*o - 372 = 0. Suppose -3*c = -5*d - 767, 125 = c - 3*d - o. List the prime factors of c.
2, 3, 11
What are the prime factors of (-29*6/(-15))/((-12)/(-8160))?
2, 17, 29
Let u(w) = -w**2 - 60*w - 51. Let o be u(-36). Let l = -427 + o. List the prime factors of l.
2, 193
What are the prime factors of -10 + 6206 + -11 + 11?
2, 1549
Let n(j) = -14*j + 2*j**3 - 2*j**3 - 393*j**2 + 391*j**2 - j**3 - 4. Let y be n(-4). Suppose -2*r = r - y. List the prime factors of r.
2, 7
Suppose 19*o - 169448 = -25*o - 31816. List the prime factors of o.
2, 17, 23
Let z = -29 + 37. Suppose -2*c = -c - z. Let a(r) = -r**2 + 12*r - 4. List the prime factors of a(c).
2, 7
Let w(g) = 3*g**2 - 17*g + 45. Let p be w(3). List the prime factors of -1 + (41 - 1)/(-20 + p).
3, 13
Let c be 9/(-27) - 715/(-3). Suppose h = -3*u + 132 - 3, 6 = -2*u. Let z = c - h. List the prime factors of z.
2, 5
Suppose 2*c = 3*c - 2. Let m be (0/(-9))/(4/c). What are the prime factors of 38/(-2 - (-3 + m))?
2, 19
Let i = 113 + -109. Suppose 0 = -3*s + s - i*g + 236, -4*g - 604 = -5*s. List the prime factors of s.
2, 3, 5
Let k(a) = 2*a**2 + 50*a + 2081. List the prime factors of k(69).
15053
Suppose -28*i = 50*i - 92620 - 5972. What are the prime factors of i?
2, 79
List the prime factors of 284228/10 + ((-114)/190)/(-8 - -5).
43, 661
Let h = -20779 + 40255. List the prime factors of h.
2, 3, 541
Suppose -26*x = -9*m - 23*x + 159, -4*x = 5*m - 60. Suppose 3*b + 2*b = 100. Suppose -22*s + m = -b*s. List the prime factors of s.
2
Let g(w) = -11*w + 23. Let l be g(-22). Suppose -l = -s + 72. What are the prime factors of s?
337
Suppose -321 = -4*q - 0*q - 3*r, -r 